r of o and 23.
23
Suppose -i + 2 = -n - 46, 2*n - 6 = 0. Calculate the highest common factor of 17 and i.
17
Let v = 664 - 448. Let w = -150 + v. Let x be w*(-1 - (-6)/3). Calculate the greatest common divisor of x and 11.
11
Let x = 1 + 0. Suppose 20 = -5*l, -j - l + x - 2 = 0. Suppose -2*y + u + 13 = 0, 14 + 1 = j*u. Calculate the greatest common divisor of y and 54.
9
Let z = -5 + 7. Suppose -5*t - 3*m + 14 = 0, t - m = -2*m + z. Suppose 0 = t*p - 102 - 106. Calculate the highest common factor of p and 13.
13
Let f be -12 - ((7 - 4) + 0). Let t be f/(-10)*(-2 + 42). What is the highest common factor of 24 and t?
12
Let k = -2 + -3. Let s be (4/k)/(1/5). Let d be 146/10 - s/10. Calculate the greatest common factor of d and 5.
5
Let x be 2/7 - (-360)/14. Let i = 6 + -6. Let o be i/1 - (-2 - 37). Calculate the greatest common factor of x and o.
13
Let u(i) = i + 13. Let f be u(3). What is the greatest common factor of 4 and f?
4
Let x be (-2)/(-8)*-18*-10. Suppose -o = 4*o - v - 9, v + 4 = 0. Suppose 5*y - n = 29, -n = 5*y - 20 - o. Calculate the greatest common divisor of y and x.
5
Suppose 0 = -5*w + 5*z - 30, -4*z = -3*z - 4. Let n be (6/(-9))/(w/24). Calculate the highest common divisor of n and 8.
8
Let w = 105 - 61. Calculate the highest common factor of w and 11.
11
Let w be 28/6*(20/8 - -5). What is the highest common divisor of w and 5?
5
Let v(q) = -q. Let g be v(-2). Suppose -28 = -g*d - 0*d. Calculate the greatest common divisor of d and 154.
14
Let q(p) = p**2 + 2*p - 5. Let k be q(-4). Suppose 2*c + 2 = k*c. Suppose b = -c*b + 90. What is the highest common divisor of 20 and b?
10
Let y = 107 + 82. Calculate the greatest common divisor of y and 21.
21
Let o(z) = -6*z + 12. Let h be o(-6). Let d be (-1)/(1/6*-1). What is the highest common divisor of d and h?
6
Suppose 0*s - 136 = -4*s. What is the greatest common divisor of 51 and s?
17
Suppose t = -2*t + 9. Let k = 61 - 58. Calculate the highest common factor of k and t.
3
Suppose -3*q = 4*u - 24, 2*u + u = -4*q + 11. What is the greatest common factor of 72 and u?
9
Suppose u + 5*x = 46, 3*u + 2*x = x + 82. Suppose 231 = d + 23. Calculate the highest common divisor of d and u.
26
Let q(h) = -h**2 + 29*h - 48. Let a be q(26). What is the highest common factor of 6 and a?
6
Let n(d) = -d**2 + 19*d - 33. Let f be n(16). What is the greatest common factor of f and 9?
3
Suppose 2 = -2*f + 6. Suppose -1 = -p + h - 11, -p - h - f = 0. Let u be (p/15)/(2/(-50)). What is the highest common divisor of 40 and u?
10
Suppose 8*p - 5 - 3 = 0. What is the highest common divisor of 1 and p?
1
Let f be 1 - -2*(-83)/(-2). Suppose -3*b = -3, 4*o - 3*b + 29 = -38. Let x be (o/(-10))/(4/30). What is the greatest common factor of x and f?
12
Suppose -5*u - 3*r = -17, 4*u - 2*r + 5*r - 13 = 0. What is the greatest common factor of u and 6?
2
Let n(g) = g + 5. Let j be n(-3). Suppose -w + 27 = j*w. Let q(t) = -t**2 + 8*t - 10. Let m be q(4). Calculate the greatest common factor of m and w.
3
Let b(f) = 6*f**2 + f. Let s be b(-1). What is the greatest common factor of 45 and s?
5
Let j(w) = -13*w + 20. Let u be j(-6). What is the highest common factor of u and 14?
14
Let z(f) = 19*f - 3*f**2 + 6*f**2 + 3 + 3 - 4*f**2. Let k be z(9). What is the highest common factor of k and 12?
12
Suppose 5*r - 177 + 17 = 0. Let x(y) = -y**2 + 80. Let a be x(0). What is the highest common divisor of a and r?
16
Let g be (1/2)/(((-7)/490)/(-1)). What is the highest common factor of g and 385?
35
Let i be (18/(-12))/(3*2/(-16)). What is the highest common divisor of i and 2?
2
Let z be 38/8 - (-4)/16. Suppose 0 = 3*p - 16 - 44. What is the highest common divisor of p and z?
5
Let k(s) = -s - 2. Let v be k(-4). Let m(r) = -r - r + 2*r**2 + r + 1 + 0*r**2. Let q be m(v). Calculate the greatest common factor of q and 21.
7
Suppose -5*q = -4*q. Suppose k + 2*y - 258 = -q*k, 4*k - 3*y = 1065. Suppose -5*a + k = -a. Calculate the highest common divisor of a and 6.
6
Let p be 6 - 8 - (2 - 0). Let y be 2/(2*2/(-4)). Let l be (-54)/p + 1/y. What is the greatest common factor of 52 and l?
13
Let n be (-644)/(-18) + (-2)/(-9). Let z be ((-30)/(-25))/((-4)/(-30)). What is the greatest common divisor of n and z?
9
Let k(o) = 4*o - 42. Let f be k(11). What is the greatest common divisor of f and 7?
1
Let c = -1 + 1. Suppose 0 = -4*k + 12 - c. Suppose -k*y + 3 = i, -2*i = i + y - 33. What is the highest common factor of i and 60?
12
Let d(p) = p**3 + p**2 + 5*p - 5. Let s be d(2). What is the highest common factor of 68 and s?
17
Let k(f) = -f**3 - 3*f**2 + 2*f - 5. Let j be k(-4). Suppose j*t + 0*t = -39. Let w = t + 24. What is the highest common factor of 121 and w?
11
Let f = 1 - -18. Suppose 4*v - 4*i = 400, -2*v - 2*i = 2*i - 170. What is the highest common divisor of f and v?
19
Let p(z) = -z**2 + z + 2. Let m be p(-2). Let c be (-30)/(-8) + (-1)/m. Suppose -c - 44 = -4*h. What is the highest common factor of 4 and h?
4
Let d(b) = -b**3 - 8*b**2 + 7*b - 12. Let i be d(-9). What is the highest common divisor of i and 1?
1
Suppose -2*c = 2*q - 192, -5*q + 3*c = 4*c - 480. What is the highest common divisor of 24 and q?
24
Let b = 1 + -1. Suppose -2*s + w + 6 = b, -3*w + 0 = -5*s + 14. What is the highest common divisor of s and 36?
4
Suppose 4*t - 5 = -1. Let z be 27 - (t + 1 + -2). Suppose -107 = -4*k - z. What is the highest common divisor of 30 and k?
10
Let s(k) be the third derivative of -k**5/60 + k**4/3 + 5*k**2. Let y be s(7). Calculate the highest common divisor of y and 7.
7
Suppose 11*n = 6*n + 55. Calculate the highest common divisor of 1 and n.
1
Suppose 2*f = 27 - 7. What is the greatest common factor of 30 and f?
10
Let q(j) = -2*j + 6. Let o be q(-11). What is the highest common factor of 7 and o?
7
Suppose -2*c + 5*c = 6, 5*g - c = 453. Calculate the highest common divisor of 13 and g.
13
Let h be 0 - (-3)/((-6)/14). Let u = 51 - 59. Let c = h - u. What is the greatest common factor of 5 and c?
1
Let i = 19 - 10. Calculate the highest common factor of i and 9.
9
Suppose 3 = -2*b + 25. What is the greatest common factor of 77 and b?
11
Suppose -4*a + 136 = -4*o, -2*a + 2*o + 2*o = -64. What is the highest common divisor of 108 and a?
36
Let t(d) = 4*d - 17. Let n be t(13). Let p = -23 + n. What is the greatest common divisor of p and 24?
12
Suppose x = 4*x + 69. Let o = 35 + x. Let m = -8 - -12. Calculate the highest common divisor of o and m.
4
Let j = 8 + 2. Let z = -8 - -28. What is the greatest common factor of j and z?
10
Suppose -5*f + 8 = -f. Let j be f/(-5) + (-224)/(-10). Calculate the highest common factor of 132 and j.
22
Suppose 0 = 2*j - 352 - 62. Calculate the highest common factor of 23 and j.
23
Suppose 2*q - 5*q = 0. Let x be q - (0 - (-1 - -33)). Calculate the greatest common factor of x and 80.
16
Let a be 1/4 + 4/(-16). Suppose -3*b = -a - 60. Suppose -u = u - 100. What is the highest common divisor of b and u?
10
Let b(r) = r**3 + 12*r**2 + 10*r - 4. Let i be b(-11). Suppose -3*q - 48 = -i*q. Let h be (0 + 0 - 0) + 3. What is the highest common factor of h and q?
3
Suppose 8 = -w - 20. Let c = w + 46. Let d be (-7)/((-21)/c) - 0. What is the greatest common divisor of d and 18?
6
Let v be (0 + 0 - -1) + 0. Let m be (-6)/v*(-1)/2. Suppose -m*f + 59 = 14. What is the highest common factor of f and 10?
5
Let v(k) = -2*k**3 - 3*k**2 + k + 3. Let o be v(-2). Let l(i) = -6*i - 1. Let r be l(-1). What is the greatest common divisor of r and o?
5
Suppose 2*j - 14 = 136. Let u = j + -42. What is the greatest common factor of 3 and u?
3
Let q = 270 - 150. Suppose -n + 2*n = q. Calculate the highest common divisor of n and 20.
20
Let k be 4 - (2 + 0 + 0). What is the highest common factor of k and 2?
2
Let o(x) = -5*x + 3. Let y be o(6). Let u = -10 - y. Calculate the greatest common divisor of u and 85.
17
Let r = -53 - -59. Suppose 2*c + 3*k = -4 + 16, -2*k = -4*c + 40. What is the highest common divisor of c and r?
3
Let g(f) = f**3 - f**2 + 99. Let c be g(0). Let r = 3 + 6. Calculate the highest common factor of r and c.
9
Let i be -2*(-3)/(-6)*-33. Let o be (-1)/(-3) + i/9. Calculate the greatest common divisor of o and 4.
4
Suppose 3*m - 3*f - 921 + 243 = 0, 3*f = -2*m + 442. What is the great